{"id":10,"date":"2021-11-01T17:00:06","date_gmt":"2021-11-01T16:00:06","guid":{"rendered":"http:\/\/sv-kiedrich.de\/?page_id=10"},"modified":"2025-10-12T21:29:46","modified_gmt":"2025-10-12T19:29:46","slug":"ueber-den-verein","status":"publish","type":"page","link":"https:\/\/sv-kiedrich.de\/?page_id=10","title":{"rendered":"\u00dcber den Verein"},"content":{"rendered":"\n<p><strong>Vorstands- und Ausschussmitglieder SV Kiedrich 1930 e.V.<\/strong><\/p>\n\n\n\n<p><strong>Hauptvorstand<\/strong>                 <\/p>\n\n\n\n<div class=\"wp-block-columns is-layout-flex wp-container-core-columns-is-layout-1 wp-block-columns-is-layout-flex\">\n<div class=\"wp-block-column is-layout-flow wp-block-column-is-layout-flow\">\n<p>1.Vorsitzender <\/p>\n\n\n\n<p>2.Vorsitzender<\/p>\n\n\n\n<p>1.Schatzmeister<\/p>\n\n\n\n<p>1.Schriftf\u00fchrerin<\/p>\n\n\n\n<p>1.Sportleiter<\/p>\n<\/div>\n\n\n\n<div class=\"wp-block-column is-layout-flow wp-block-column-is-layout-flow\">\n<p>Hans-Josef Speicher<\/p>\n\n\n\n<p>Thomas Dietrich<\/p>\n\n\n\n<p>Gabi Speicher <\/p>\n\n\n\n<p>Almagul Shambay <\/p>\n\n\n\n<p>Stefan Dietze<\/p>\n<\/div>\n<\/div>\n\n\n\n<p><strong>Erweiterter Vorstand<\/strong><\/p>\n\n\n\n<div class=\"wp-block-columns is-layout-flex wp-container-core-columns-is-layout-2 wp-block-columns-is-layout-flex\">\n<div class=\"wp-block-column is-layout-flow wp-block-column-is-layout-flow\">\n<p>2.Kassierer<\/p>\n\n\n\n<p>2.Schriftf\u00fchrer<\/p>\n\n\n\n<p>2.Sportleiter<\/p>\n\n\n\n<p>Bauausschu\u00df-Hauswart<\/p>\n\n\n\n<p>Zeug-Waffenwart<\/p>\n\n\n\n<p>Presse-Wart<\/p>\n\n\n\n<p>Vergn\u00fcgungsausschuss<\/p>\n<\/div>\n\n\n\n<div class=\"wp-block-column is-layout-flow wp-block-column-is-layout-flow\">\n<p>Ingolf Burkhardt<\/p>\n\n\n\n<p>Michaela Schr\u00f6der <\/p>\n\n\n\n<p>Bernd Schimmel<\/p>\n\n\n\n<p>unbesetzt<\/p>\n\n\n\n<p>Ingo Rehm<\/p>\n\n\n\n<p>unbesetzt <\/p>\n\n\n\n<p>unbesetzt<\/p>\n<\/div>\n<\/div>\n\n\n\n<p><strong>Referenten Sportdisziplinen<\/strong><\/p>\n\n\n\n<div class=\"wp-block-columns is-layout-flex wp-container-core-columns-is-layout-3 wp-block-columns-is-layout-flex\">\n<div class=\"wp-block-column is-layout-flow wp-block-column-is-layout-flow\" style=\"flex-basis:400px\">\n<p>Referenten Sportdiszipl. Langw.Gro\u00df-u.Perkussion<\/p>\n\n\n\n<p>Langw. Kleink.u.Luftdruck<\/p>\n\n\n\n<p>Langw.Aufl. Kleink+Luftg<\/p>\n\n\n\n<p>Kurzwaffen<\/p>\n<\/div>\n\n\n\n<div class=\"wp-block-column is-layout-flow wp-block-column-is-layout-flow\">\n<p>Stefan Dietze<\/p>\n\n\n\n<p>Rainer Walkenbach<\/p>\n\n\n\n<p>Joachim Wilhelm  <\/p>\n\n\n\n<p>Stefan Dietze<\/p>\n<\/div>\n<\/div>\n\n\n\n<p><\/p>\n","protected":false},"excerpt":{"rendered":"<p>Vorstands- und Ausschussmitglieder SV Kiedrich 1930 e.V. Hauptvorstand 1.Vorsitzender 2.Vorsitzender 1.Schatzmeister 1.Schriftf\u00fchrerin 1.Sportleiter Hans-Josef Speicher Thomas Dietrich Gabi Speicher Almagul Shambay Stefan Dietze Erweiterter Vorstand 2.Kassierer 2.Schriftf\u00fchrer 2.Sportleiter Bauausschu\u00df-Hauswart Zeug-Waffenwart Presse-Wart Vergn\u00fcgungsausschuss Ingolf Burkhardt Michaela Schr\u00f6der Bernd Schimmel unbesetzt Ingo &hellip; <a href=\"https:\/\/sv-kiedrich.de\/?page_id=10\">Weiterlesen <span class=\"meta-nav\">&rarr;<\/span><\/a><\/p>\n","protected":false},"author":8,"featured_media":0,"parent":0,"menu_order":0,"comment_status":"closed","ping_status":"closed","template":"","meta":{"ngg_post_thumbnail":0,"_mc_calendar":[],"footnotes":""},"class_list":["post-10","page","type-page","status-publish","hentry"],"_links":{"self":[{"href":"https:\/\/sv-kiedrich.de\/index.php?rest_route=\/wp\/v2\/pages\/10"}],"collection":[{"href":"https:\/\/sv-kiedrich.de\/index.php?rest_route=\/wp\/v2\/pages"}],"about":[{"href":"https:\/\/sv-kiedrich.de\/index.php?rest_route=\/wp\/v2\/types\/page"}],"author":[{"embeddable":true,"href":"https:\/\/sv-kiedrich.de\/index.php?rest_route=\/wp\/v2\/users\/8"}],"replies":[{"embeddable":true,"href":"https:\/\/sv-kiedrich.de\/index.php?rest_route=%2Fwp%2Fv2%2Fcomments&post=10"}],"version-history":[{"count":22,"href":"https:\/\/sv-kiedrich.de\/index.php?rest_route=\/wp\/v2\/pages\/10\/revisions"}],"predecessor-version":[{"id":2565,"href":"https:\/\/sv-kiedrich.de\/index.php?rest_route=\/wp\/v2\/pages\/10\/revisions\/2565"}],"wp:attachment":[{"href":"https:\/\/sv-kiedrich.de\/index.php?rest_route=%2Fwp%2Fv2%2Fmedia&parent=10"}],"curies":[{"name":"wp","href":"https:\/\/api.w.org\/{rel}","templated":true}]}}